-380))?
2
Suppose x - 21 = 5. Let t = 52 - x. What is the units digit of t?
6
Suppose 243 = -4*m + 2*s + 929, -5*s = -5*m + 855. What is the units digit of m?
2
Suppose -3*o = -2*w - 13, 2*o + 0*w = -w + 4. Suppose d = -o*q + 2 + 3, -4 = -d - 2*q. What is the units digit of d?
2
Let r be -10*(-5)/(25/2). Suppose 4*o + 2*i = 68, -3*o + 64 = 2*i + 13. Suppose 0 = 4*v - 4*j + 1 - o, -r*j + 5 = -v. What is the units digit of v?
7
Let c be ((-18)/(-4))/((-12)/(-16)). What is the units digit of (4/c)/((-10)/(-30))?
2
Let u(l) = 2*l**2 - 5*l - 24. What is the units digit of u(9)?
3
What is the tens digit of (-4208)/(-48) - (-2)/(-3)?
8
Let r(t) = -t**2 - 7*t - 3. Let w be r(-6). Suppose -w*c = c - 16. What is the units digit of c?
4
Suppose 4*l - 52 = -4*y, -4*y - 5 = y. What is the units digit of l?
4
Suppose 0 = 2*g + 4*p - 2 - 14, 3*g - 2*p = 0. Suppose -24 = 3*m - g*i - i, m - 2*i = -11. Let l = m + 12. What is the units digit of l?
7
Let v be (2/3)/((-4)/42). Let f = -5 - v. What is the units digit of f?
2
Let a = 21 - 18. Let k(u) = -u**3 + 5*u**2 + 2. Let p be k(5). Suppose p*j + 2*j + 27 = f, 3*j + 36 = a*f. What is the units digit of f?
7
Let x(z) = 2*z**3 - 7*z**2 + 5*z - 4. What is the units digit of x(4)?
2
Let b = 19 + -15. Suppose 2*s - 17 = 4*o + 5, b*o - 83 = -5*s. What is the units digit of s?
5
Let p(b) = 1. Let q(f) be the third derivative of f**4/12 + f**3 + f**2. Let o(k) = -12*p(k) + q(k). What is the units digit of o(5)?
4
Let c be (-2 - -26)/(-1 - -2). Suppose -3*l + 3*q + c = 0, l = 4*q + 29 - 12. What is the units digit of l?
5
Let i = 14 + -7. Suppose -i = 4*a - 5*a. What is the units digit of a?
7
Suppose -40 = 5*k + 8*t - 3*t, 0 = -5*k + t - 22. What is the units digit of ((-216)/15)/3*k?
4
Let l be (-4)/(-2) + (-2)/2. Let f = 2 - 0. What is the units digit of (f + l)/3*8?
8
Let b = -81 - -359. What is the hundreds digit of b?
2
Let o = 6 + -4. Let q(u) = 2*u + 2. Let f be q(o). Suppose 0 = -h - 2*k - 5, 4*h - f = 3*k + 18. What is the units digit of h?
3
What is the units digit of (-9 + 1)/(1/(-4))?
2
Let g be (-2)/(1 + 13/(-11)). Let x be (-10)/12*-3*2. Suppose 9 = x*p - g. What is the units digit of p?
4
Let w = 55 + -37. Let m be 5*(w/(-3))/(-1). Suppose 0*q = -3*q + 5*t + 5, 5*q - 4*t = m. What is the tens digit of q?
1
Suppose 3*r + 3*d = 4*r - 17, 0 = -2*r - 3*d - 11. Suppose -3*u - 2 = -r*f - 31, -3*f + 15 = 0. What is the tens digit of u?
1
Suppose -a - 2*a + 168 = 0. Let u = 1 + a. What is the units digit of u?
7
Let w be 2 + (1*-2 - -55). Suppose -3*i + w = 2*i. What is the tens digit of i?
1
Let c = 38 + -26. Suppose -3*s = 3*h - c, 0*h = 4*h - 4*s. Suppose -8 = -h*y - 4*q, 4*y = -2*q - 16 + 44. What is the units digit of y?
8
Suppose 4 = -t + 3*t - 2*h, 2*t = h - 1. What is the tens digit of ((-18)/4)/(t/16)?
2
Suppose -4*h = 4*c - 8, -5*h + 4*c + 0*c + 10 = 0. Suppose h*t - 5*t = -6. What is the units digit of t?
2
Let c = 28 - -31. What is the tens digit of c?
5
Suppose 4*s - 5*i = 121, i = -3*i + 12. What is the units digit of s?
4
Let k = -154 - -219. What is the units digit of k?
5
Let w(l) = l**2 - 3*l + 16. What is the units digit of w(7)?
4
Let i(r) = -r**3 + 5*r**2 - 4. Suppose 5*o + 22 = -0*b - b, -3*b - 11 = 4*o. What is the tens digit of i(b)?
1
Let t(m) be the third derivative of -m**5/60 + 7*m**3/6 + m**2. Let j be t(0). Suppose -5*p + 5 = 2*o + 3*o, 2*p - j = 3*o. What is the units digit of p?
2
What is the units digit of (-1 + 4)/(2/2)?
3
Let o be (1 + 0)*2 + 4. Let v(w) = w**3 - 3*w**2 - 9*w - 8. What is the tens digit of v(o)?
4
Let d be (2 - 3) + (-9)/3. What is the units digit of (1 - d)/(2 + -1)?
5
Let k(x) = 13*x**2 + 19*x. Let w(m) be the second derivative of -m**4/4 - 5*m**3/6 - 2*m. Let b(v) = -2*k(v) - 9*w(v). What is the units digit of b(-8)?
8
Suppose -8*s + 102 = -6*s. What is the tens digit of s?
5
What is the units digit of (-2)/5 - 432/(-5)?
6
Let n = 0 - 0. Let t be 1 + -24 - (n - -1). What is the units digit of (1/(-3))/(1/t)?
8
Suppose 3*p + 5*q + 54 = 0, -8*p + 4*q - 90 = -3*p. Let l be 3/(4/(512/(-1))). What is the tens digit of 4/p + l/(-27)?
1
Let w(t) be the third derivative of -t**6/120 - t**5/15 - t**4/8 + t**3/3 - 2*t**2. Let b be w(-3). Let u = b - -6. What is the units digit of u?
8
Let f = 13 - 12. What is the units digit of f?
1
Suppose -370 = -5*c + 335. Suppose 79 = 3*q - 5*a, -a + 0*a + c = 5*q. What is the tens digit of q?
2
Let o(h) be the second derivative of 25*h**3/6 - h**2/2 - h. What is the units digit of o(1)?
4
Let y be (-2)/(-5) + 144/15. Suppose 4*u = 2*x + x + 14, 5*x + y = 0. Suppose -53 = -4*b - k, -2*k = -b + u*b - 15. What is the units digit of b?
3
Let j = 65 - 32. What is the units digit of j?
3
Let t(g) = -g**3 - 3*g**2 + 5*g - 2. Let c be (-4)/(1/(-2)*-2). Let o be t(c). What is the units digit of (-2 - 4)/(4/o)?
9
Suppose -2*t - 190 = -5*b + 9, -3*t + 91 = 2*b. What is the units digit of b?
1
Let b(o) = 53*o + 15. What is the hundreds digit of b(6)?
3
Let s(g) = g**3 - 5*g**2 - 8*g + 7. Suppose -3*x = -0*x + 5*t - 46, -t = 2*x - 19. What is the tens digit of s(x)?
4
Let f(x) = x - 1. Let y(k) = -3. Let r(m) = 2*f(m) + 2*y(m). What is the units digit of r(7)?
6
Let b(k) = 6*k**2. Suppose -5*o + 4 = -1. What is the units digit of b(o)?
6
What is the units digit of (-4)/(-3)*6/4?
2
Let r(q) = -q**2 - 3*q + 2. Let l be r(-3). Suppose -5*h = -11 + 1. Suppose 14 = l*s - 2*z, -h*s + 3*z + 2 = 5*z. What is the units digit of s?
4
Let r = 2 + -3. Let j(z) = 13*z**2 + z. What is the units digit of j(r)?
2
Suppose -2*s + 50 = 3*s. Let d(q) = 5*q - 4. Let b be d(4). Let f = b - s. What is the units digit of f?
6
What is the tens digit of (-38)/(0 - 4/38)?
6
Let n = 23 + -12. Let q(a) = -a**3 + 10*a**2 + 12*a + 14. What is the tens digit of q(n)?
2
Let p be 2/(-2) - (1 - 30). Let t = -19 + p. What is the units digit of t?
9
Suppose -4*s + 2*u = -68, 6*s - 5*s = -u + 14. Let l = s - 14. What is the units digit of l?
2
Let m(d) be the second derivative of d**4/12 - 7*d**3/6 + 7*d**2/2 - 4*d. What is the units digit of m(7)?
7
Let b(q) = q**3 + 3*q**2 - 4*q - 2. Let a(o) = o - 9. Let t(v) = v**3 + 4*v**2 - v + 2. Let j be t(-4). Let x be a(j). What is the units digit of b(x)?
0
Suppose -25 = -4*l + l - 4*f, 0 = 5*l - 5*f + 5. Let h be (6 - -37) + l*-1. Suppose -4*b = b - h. What is the units digit of b?
8
Suppose 3*n = 12, -2*n - 656 = -f - 3*f. What is the hundreds digit of f?
1
Let t(v) = -v**2 - 8*v. Let b(l) = l - 2. Let i be b(-6). Let k be t(i). Suppose k = -2*c + j + 7, 0 = 4*c - 0*c + j - 23. What is the units digit of c?
5
Let l = -77 - -146. What is the units digit of l?
9
Let k(y) = 15*y - 2. What is the tens digit of k(3)?
4
Suppose 0 = -9*j + 14*j - 545. What is the hundreds digit of j?
1
Let d be (-2)/8 - (-15)/(-4). Let o(i) = -3*i**3 + 4*i**2 + 5*i + 5. Let j(s) = -s**3 + s**2 + s - 1. Let p(u) = d*j(u) + o(u). What is the units digit of p(0)?
9
Let r = 10 + -6. Suppose 5*x = 3*o - 7 - 34, -4*o = -r*x - 52. What is the tens digit of o?
1
Let c be (-76)/(-16) - 1/(-4). Suppose -z - 114 = -4*u, 4*u + c*z - 50 = 76. Suppose -2*v + 24 = -2*l, 4*v - 3*l = 78 - u. What is the units digit of v?
3
Let a(l) = l**2 - 10. Let s be a(7). What is the tens digit of s/(3 - 9/6)?
2
Let b be 3 + -3 + 2 + 2. Let s = b - 4. Suppose -n + u + 0*u + 8 = s, 3*n + 5*u = 8. What is the units digit of n?
6
Suppose 2*r + 188 = 4*r. What is the units digit of r?
4
Let o be (-62)/(-4) + 3/6. Suppose -5*g + 0*g + 3*z = 8, g = 5*z + o. What is the units digit of g/10 + (-27)/(-5)?
5
Suppose -i - 25 = 4*i, 5*i = 5*r + 25. Let m be (18/30)/((-2)/r). Suppose -5*d + 6 = -m*d. What is the units digit of d?
3
Suppose 0 = -3*n + 48 - 15. Suppose 0 = n*m - 14*m + 99. What is the units digit of m?
3
Suppose 0 = 2*v - 5*x - 26, 0*v + v - 2*x - 15 = 0. What is the tens digit of v?
2
Let c = -7 + 12. Suppose -c*h + 2 = -3*h. What is the units digit of (2 - h)/1*7?
7
Let y(x) = -x**3 - 2*x**2 + 10*x + 3. Let v be y(-4). Suppose -70 = -f - f. What is the units digit of (-16)/v*f/14?
8
Let h(z) = 4*z**3 - z**2 + 1. Let u be h(1). Suppose 2*q + 5*t - 7 - 30 = 0, -3*q = -5*t + 7. Let l = u + q. What is the tens digit of l?
1
Let r(h) = -h - 3. Let n be r(3). Let f(a) = -3*a - 9. Wh